{"id":31246,"date":"2024-09-26T15:03:56","date_gmt":"2024-09-26T13:03:41","guid":{"rendered":"https:\/\/misot.pl\/home\/biuro-prasowe\/dla_mediow-2\/"},"modified":"2024-09-26T17:18:42","modified_gmt":"2024-09-26T15:18:42","slug":"nieprawidlowosci","status":"publish","type":"page","link":"https:\/\/misot.pl\/stary\/home\/nieprawidlowosci\/","title":{"rendered":"zg\u0142aszanie nieprawid\u0142owo\u015bci"},"content":{"rendered":"\t\t<div data-elementor-type=\"wp-page\" data-elementor-id=\"31246\" class=\"elementor elementor-31246\" data-elementor-post-type=\"page\">\n\t\t\t\t\t\t<section class=\"elementor-section elementor-top-section elementor-element elementor-element-f6701b1 elementor-section-full_width elementor-section-height-min-height elementor-section-items-top elementor-section-content-middle elementor-section-height-default\" data-id=\"f6701b1\" data-element_type=\"section\" data-e-type=\"section\" data-settings=\"{&quot;background_background&quot;:&quot;classic&quot;,&quot;_ob_glider_is_slider&quot;:&quot;no&quot;}\">\n\t\t\t\t\t\t<div class=\"elementor-container elementor-column-gap-default\">\n\t\t\t\t\t<div class=\"elementor-column elementor-col-100 elementor-top-column elementor-element elementor-element-c719543\" data-id=\"c719543\" data-element_type=\"column\" data-e-type=\"column\" data-settings=\"{&quot;background_background&quot;:&quot;slideshow&quot;,&quot;background_slideshow_gallery&quot;:[],&quot;background_slideshow_loop&quot;:&quot;yes&quot;,&quot;background_slideshow_slide_duration&quot;:5000,&quot;background_slideshow_slide_transition&quot;:&quot;fade&quot;,&quot;background_slideshow_transition_duration&quot;:500,&quot;_ob_column_hoveranimator&quot;:&quot;no&quot;,&quot;_ob_column_has_pseudo&quot;:&quot;no&quot;}\">\n\t\t\t<div class=\"elementor-widget-wrap elementor-element-populated\">\n\t\t\t\t\t\t<section class=\"elementor-section elementor-inner-section elementor-element elementor-element-5344d4a elementor-section-full_width elementor-section-height-min-height elementor-section-content-middle elementor-section-height-default\" data-id=\"5344d4a\" data-element_type=\"section\" data-e-type=\"section\" data-settings=\"{&quot;background_background&quot;:&quot;slideshow&quot;,&quot;_ob_glider_is_slider&quot;:&quot;no&quot;,&quot;background_slideshow_gallery&quot;:[],&quot;background_slideshow_loop&quot;:&quot;yes&quot;,&quot;background_slideshow_slide_duration&quot;:5000,&quot;background_slideshow_slide_transition&quot;:&quot;fade&quot;,&quot;background_slideshow_transition_duration&quot;:500}\">\n\t\t\t\t\t\t<div class=\"elementor-container elementor-column-gap-default\">\n\t\t\t\t\t<div class=\"elementor-column elementor-col-100 elementor-inner-column elementor-element elementor-element-a6e52ee\" data-id=\"a6e52ee\" data-element_type=\"column\" data-e-type=\"column\" data-settings=\"{&quot;background_background&quot;:&quot;slideshow&quot;,&quot;background_slideshow_gallery&quot;:[],&quot;background_slideshow_loop&quot;:&quot;yes&quot;,&quot;background_slideshow_slide_duration&quot;:5000,&quot;background_slideshow_slide_transition&quot;:&quot;fade&quot;,&quot;background_slideshow_transition_duration&quot;:500,&quot;_ob_column_hoveranimator&quot;:&quot;no&quot;,&quot;_ob_column_has_pseudo&quot;:&quot;no&quot;}\">\n\t\t\t<div class=\"elementor-widget-wrap\">\n\t\t\t\t\t\t\t<\/div>\n\t\t<\/div>\n\t\t\t\t\t<\/div>\n\t\t<\/section>\n\t\t\t\t<div class=\"elementor-element elementor-element-83702cd elementor-view-default ob-has-background-overlay elementor-widget elementor-widget-icon\" data-id=\"83702cd\" data-element_type=\"widget\" data-e-type=\"widget\" data-settings=\"{&quot;_ob_widget_stalker_use&quot;:&quot;no&quot;,&quot;_ob_poopart_use&quot;:&quot;yes&quot;,&quot;_ob_shadough_use&quot;:&quot;no&quot;,&quot;_ob_allow_hoveranimator&quot;:&quot;no&quot;}\" data-widget_type=\"icon.default\">\n\t\t\t\t\t\t\t<div class=\"elementor-icon-wrapper\">\n\t\t\t<a class=\"elementor-icon elementor-animation-pulse\" href=\"#zajmujemy_sie\" rel=\"nofollow\">\n\t\t\t<svg aria-hidden=\"true\" class=\"e-font-icon-svg e-fas-chevron-down\" viewBox=\"0 0 448 512\" xmlns=\"http:\/\/www.w3.org\/2000\/svg\"><path d=\"M207.029 381.476L12.686 187.132c-9.373-9.373-9.373-24.569 0-33.941l22.667-22.667c9.357-9.357 24.522-9.375 33.901-.04L224 284.505l154.745-154.021c9.379-9.335 24.544-9.317 33.901.04l22.667 22.667c9.373 9.373 9.373 24.569 0 33.941L240.971 381.476c-9.373 9.372-24.569 9.372-33.942 0z\"><\/path><\/svg>\t\t\t<\/a>\n\t\t<\/div>\n\t\t\t\t\t\t<\/div>\n\t\t\t\t\t<\/div>\n\t\t<\/div>\n\t\t\t\t\t<\/div>\n\t\t<\/section>\n\t\t\t\t<section class=\"elementor-section elementor-top-section elementor-element elementor-element-2c55b3a elementor-section-boxed elementor-section-height-default elementor-section-height-default\" data-id=\"2c55b3a\" data-element_type=\"section\" data-e-type=\"section\" data-settings=\"{&quot;_ob_glider_is_slider&quot;:&quot;no&quot;}\">\n\t\t\t\t\t\t<div class=\"elementor-container elementor-column-gap-default\">\n\t\t\t\t\t<div class=\"elementor-column elementor-col-100 elementor-top-column elementor-element elementor-element-7024c0f\" data-id=\"7024c0f\" data-element_type=\"column\" data-e-type=\"column\" data-settings=\"{&quot;_ob_column_hoveranimator&quot;:&quot;no&quot;,&quot;_ob_column_has_pseudo&quot;:&quot;no&quot;}\">\n\t\t\t<div class=\"elementor-widget-wrap elementor-element-populated\">\n\t\t\t\t\t\t<div class=\"elementor-element elementor-element-511245f ob-harakiri-inherit ob-has-background-overlay elementor-widget elementor-widget-heading\" data-id=\"511245f\" data-element_type=\"widget\" data-e-type=\"widget\" data-settings=\"{&quot;_ob_use_harakiri&quot;:&quot;yes&quot;,&quot;_ob_harakiri_writing_mode&quot;:&quot;inherit&quot;,&quot;_ob_harakiri_text_clip&quot;:&quot;none&quot;,&quot;_ob_widget_stalker_use&quot;:&quot;no&quot;,&quot;_ob_poopart_use&quot;:&quot;yes&quot;,&quot;_ob_shadough_use&quot;:&quot;no&quot;,&quot;_ob_allow_hoveranimator&quot;:&quot;no&quot;}\" data-widget_type=\"heading.default\">\n\t\t\t\t\t<h1 class=\"elementor-heading-title elementor-size-default\">Sygna\u0142y o nieprawid\u0142owo\u015bciach<\/h1>\t\t\t\t<\/div>\n\t\t\t\t<section class=\"elementor-section elementor-inner-section elementor-element elementor-element-79efad0 elementor-section-boxed elementor-section-height-default elementor-section-height-default\" data-id=\"79efad0\" data-element_type=\"section\" data-e-type=\"section\" data-settings=\"{&quot;_ob_glider_is_slider&quot;:&quot;no&quot;}\">\n\t\t\t\t\t\t<div class=\"elementor-container elementor-column-gap-default\">\n\t\t\t\t\t<div class=\"elementor-column elementor-col-100 elementor-inner-column elementor-element elementor-element-0998585\" data-id=\"0998585\" data-element_type=\"column\" data-e-type=\"column\" data-settings=\"{&quot;_ob_column_hoveranimator&quot;:&quot;no&quot;,&quot;_ob_column_has_pseudo&quot;:&quot;no&quot;}\">\n\t\t\t<div class=\"elementor-widget-wrap elementor-element-populated\">\n\t\t\t\t\t\t<div class=\"elementor-element elementor-element-f84cc82 elementor-widget__width-initial ob-harakiri-inherit ob-has-background-overlay elementor-widget elementor-widget-text-editor\" data-id=\"f84cc82\" data-element_type=\"widget\" data-e-type=\"widget\" data-settings=\"{&quot;_ob_use_harakiri&quot;:&quot;yes&quot;,&quot;_ob_harakiri_writing_mode&quot;:&quot;inherit&quot;,&quot;_ob_postman_use&quot;:&quot;no&quot;,&quot;_ob_widget_stalker_use&quot;:&quot;no&quot;,&quot;_ob_poopart_use&quot;:&quot;yes&quot;,&quot;_ob_shadough_use&quot;:&quot;no&quot;,&quot;_ob_allow_hoveranimator&quot;:&quot;no&quot;}\" data-widget_type=\"text-editor.default\">\n\t\t\t\t\t\t\t\t\t<p>W trosce o jako\u015b\u0107 pracy, jak i o przestrzeganie zasad prawnych i etycznych oraz realizuj\u0105c<br \/>obowi\u0105zki wynikaj\u0105ce z ustawy z dnia 14 czerwca 2024 r. o ochronie sygnalist\u00f3w, Grupa<br \/>Mi\u015aOT wskazuje drogi zg\u0142aszania nieprawid\u0142owo\u015bci dotycz\u0105ce naruszenia prawa, o kt\u00f3rych<br \/>mowa w niniejszej ustawie.<br \/><b><br \/><\/b><\/p><p><b>W jaki spos\u00f3b mo\u017cna zg\u0142osi\u0107 nieprawid\u0142owo\u015bci?<\/b><br \/>Je\u015bli jeste\u015b \u015bwiadkiem nieprawid\u0142owo\u015bci, np. stanowi\u0105cej naruszenie prawa w Grupie Mi\u015aOT<br \/>albo innych dzia\u0142a\u0144 niepo\u017c\u0105danych, mo\u017cesz zg\u0142osi\u0107 takie naruszenie:<\/p><ol><li>imiennie za pomoc\u0105 poczty elektronicznej na zapewniaj\u0105cy poufno\u015b\u0107 adres e-mail:<br \/><strong><a href=\"mailto:sygnal@misot.pl\">sygnal@misot.pl<\/a>;<\/strong><\/li><li>osobi\u015bcie \u2013 na wniosek Zg\u0142aszaj\u0105cego z\u0142o\u017cony co najmniej 14 dni przed planowan\u0105<br \/>dat\u0105 spotkania.<br \/><b><br \/><\/b><\/li><\/ol><p><b>Jakich nieprawid\u0142owo\u015bci mo\u017ce dotyczy\u0107 zg\u0142oszenie?<\/b><br \/>Przedmiotem naruszenia mog\u0105 by\u0107 dzia\u0142ania lub zaniechania, kt\u00f3re s\u0105 niezgodne z prawem<br \/>lub kt\u00f3re maj\u0105 na celu obej\u015bcie prawa albo stanowi\u0105 inne dzia\u0142ania niepo\u017c\u0105dane dotycz\u0105ce<br \/>m.in.: korupcji, przeciwdzia\u0142ania praniu pieni\u0119dzy oraz finansowaniu terroryzmu, ochrony<br \/>\u015brodowiska, bezpiecze\u0144stwa produkt\u00f3w i ich zgodno\u015bci z wymogami, ochrony<br \/>konsument\u00f3w, ochrony prywatno\u015bci i danych osobowych, bezpiecze\u0144stwa sieci i system\u00f3w<br \/>teleinformatycznych, rynku wewn\u0119trznego Unii Europejskiej, w tym publicznoprawnych<br \/>zasad konkurencji i pomocy pa\u0144stwa oraz opodatkowania os\u00f3b prawnych.<br \/><b><br \/><\/b><\/p><p><b>Co powinno zawiera\u0107 zg\u0142oszenie?<\/b><br \/>Zg\u0142oszenie powinno zawiera\u0107 informacje niezb\u0119dne do jego prawid\u0142owego rozpatrzenia, co<br \/>najmniej:<\/p><ol><li>dane identyfikacyjne i kontaktowe Zg\u0142aszaj\u0105cego,<\/li><li>szczeg\u00f3\u0142owy opis nieprawid\u0142owo\u015bci,<\/li><li>dane osoby dopuszczaj\u0105cej si\u0119 naruszenia,<\/li><li>czas i miejsce wyst\u0105pienia naruszenia.<\/li><\/ol><p>\u00a0<\/p><p>Chc\u0105c u\u0142atwi\u0107 sporz\u0105dzenie zg\u0142oszenia, przygotowali\u015bmy formularz dost\u0119pny na dole strony.<br \/>Wype\u0142niony formularz mo\u017cna za\u0142\u0105czy\u0107 do wiadomo\u015bci e-mail.<\/p><p>\u00a0<\/p><p><strong>W jaki spos\u00f3b zg\u0142oszenie zostanie rozpatrzone?<\/strong><\/p><p>Ka\u017cde zg\u0142oszenie zostanie szczeg\u00f3\u0142owo przeanalizowane oraz bezstronnie i poufnie<br \/>rozpatrzone przez upowa\u017cnione osoby. Ka\u017cdy Zg\u0142aszaj\u0105cy zostanie poinformowany o<br \/>wynikach rozpatrzenia zg\u0142oszenia oraz podj\u0119tych w jego efekcie dzia\u0142a\u0144 dzi\u0119ki przekazanym<br \/>danym kontaktowym.<\/p>\t\t\t\t\t\t\t\t<\/div>\n\t\t\t\t\t<\/div>\n\t\t<\/div>\n\t\t\t\t\t<\/div>\n\t\t<\/section>\n\t\t\t\t<div class=\"elementor-element elementor-element-9bfe764 elementor-position-inline-start elementor-view-default elementor-mobile-position-block-start ob-has-background-overlay elementor-widget elementor-widget-icon-box\" data-id=\"9bfe764\" data-element_type=\"widget\" data-e-type=\"widget\" data-settings=\"{&quot;_ob_widget_stalker_use&quot;:&quot;no&quot;,&quot;_ob_poopart_use&quot;:&quot;yes&quot;,&quot;_ob_shadough_use&quot;:&quot;no&quot;,&quot;_ob_allow_hoveranimator&quot;:&quot;no&quot;}\" data-widget_type=\"icon-box.default\">\n\t\t\t\t\t\t\t<div class=\"elementor-icon-box-wrapper\">\n\n\t\t\t\t\t\t<div class=\"elementor-icon-box-icon\">\n\t\t\t\t<a href=\"https:\/\/misot.pl\/wp-content\/uploads\/2024\/09\/formularz-zgloszenia-nieprawidlowosci.pdf\" class=\"elementor-icon elementor-animation-shrink\" tabindex=\"-1\" aria-label=\"Formularz zg\u0142oszeniowy (pdf)\">\n\t\t\t\t<i aria-hidden=\"true\" class=\"icon icon-file-empty\"><\/i>\t\t\t\t<\/a>\n\t\t\t<\/div>\n\t\t\t\n\t\t\t\t\t\t<div class=\"elementor-icon-box-content\">\n\n\t\t\t\t\t\t\t\t\t<h3 class=\"elementor-icon-box-title\">\n\t\t\t\t\t\t<a href=\"https:\/\/misot.pl\/wp-content\/uploads\/2024\/09\/formularz-zgloszenia-nieprawidlowosci.pdf\" >\n\t\t\t\t\t\t\tFormularz zg\u0142oszeniowy (pdf)\t\t\t\t\t\t<\/a>\n\t\t\t\t\t<\/h3>\n\t\t\t\t\n\t\t\t\t\n\t\t\t<\/div>\n\t\t\t\n\t\t<\/div>\n\t\t\t\t\t\t<\/div>\n\t\t\t\t<div class=\"elementor-element elementor-element-7025673 elementor-position-inline-start elementor-view-default elementor-mobile-position-block-start ob-has-background-overlay elementor-widget elementor-widget-icon-box\" data-id=\"7025673\" data-element_type=\"widget\" data-e-type=\"widget\" data-settings=\"{&quot;_ob_widget_stalker_use&quot;:&quot;no&quot;,&quot;_ob_poopart_use&quot;:&quot;yes&quot;,&quot;_ob_shadough_use&quot;:&quot;no&quot;,&quot;_ob_allow_hoveranimator&quot;:&quot;no&quot;}\" data-widget_type=\"icon-box.default\">\n\t\t\t\t\t\t\t<div class=\"elementor-icon-box-wrapper\">\n\n\t\t\t\t\t\t<div class=\"elementor-icon-box-icon\">\n\t\t\t\t<a href=\"https:\/\/misot.pl\/wp-content\/uploads\/2024\/09\/formularz-zgloszenia-nieprawidlowosci.docx\" class=\"elementor-icon elementor-animation-shrink\" tabindex=\"-1\" aria-label=\"Formularz zg\u0142oszeniowy (docx)\">\n\t\t\t\t<i aria-hidden=\"true\" class=\"icon icon-file-empty\"><\/i>\t\t\t\t<\/a>\n\t\t\t<\/div>\n\t\t\t\n\t\t\t\t\t\t<div class=\"elementor-icon-box-content\">\n\n\t\t\t\t\t\t\t\t\t<h3 class=\"elementor-icon-box-title\">\n\t\t\t\t\t\t<a href=\"https:\/\/misot.pl\/wp-content\/uploads\/2024\/09\/formularz-zgloszenia-nieprawidlowosci.docx\" >\n\t\t\t\t\t\t\tFormularz zg\u0142oszeniowy (docx)\t\t\t\t\t\t<\/a>\n\t\t\t\t\t<\/h3>\n\t\t\t\t\n\t\t\t\t\n\t\t\t<\/div>\n\t\t\t\n\t\t<\/div>\n\t\t\t\t\t\t<\/div>\n\t\t\t\t\t<\/div>\n\t\t<\/div>\n\t\t\t\t\t<\/div>\n\t\t<\/section>\n\t\t\t\t<\/div>\n\t\t","protected":false},"excerpt":{"rendered":"<p>Sygna\u0142y o nieprawid\u0142owo\u015bciach W trosce o jako\u015b\u0107 pracy, jak i o przestrzeganie zasad prawnych i etycznych oraz realizuj\u0105cobowi\u0105zki wynikaj\u0105ce z ustawy z dnia 14 czerwca 2024 r. o ochronie sygnalist\u00f3w, GrupaMi\u015aOT wskazuje drogi zg\u0142aszania nieprawid\u0142owo\u015bci dotycz\u0105ce naruszenia prawa, o kt\u00f3rychmowa w niniejszej ustawie. W jaki spos\u00f3b mo\u017cna zg\u0142osi\u0107 nieprawid\u0142owo\u015bci?Je\u015bli jeste\u015b \u015bwiadkiem nieprawid\u0142owo\u015bci, np. stanowi\u0105cej naruszenie [&hellip;]<\/p>\n","protected":false},"author":1,"featured_media":0,"parent":12,"menu_order":0,"comment_status":"closed","ping_status":"closed","template":"elementor_header_footer","meta":{"footnotes":""},"class_list":["post-31246","page","type-page","status-publish","hentry"],"yoast_head":"<!-- This site is optimized with the Yoast SEO plugin v26.9 - https:\/\/yoast.com\/product\/yoast-seo-wordpress\/ -->\n<title>zg\u0142aszanie nieprawid\u0142owo\u015bci - Mi\u015aOT<\/title>\n<meta name=\"robots\" content=\"index, follow, max-snippet:-1, max-image-preview:large, max-video-preview:-1\" \/>\n<link rel=\"canonical\" href=\"https:\/\/misot.pl\/stary\/home\/nieprawidlowosci\/\" \/>\n<meta property=\"og:locale\" content=\"pl_PL\" \/>\n<meta property=\"og:type\" content=\"article\" \/>\n<meta property=\"og:title\" content=\"zg\u0142aszanie nieprawid\u0142owo\u015bci - Mi\u015aOT\" \/>\n<meta property=\"og:description\" content=\"Sygna\u0142y o nieprawid\u0142owo\u015bciach W trosce o jako\u015b\u0107 pracy, jak i o przestrzeganie zasad prawnych i etycznych oraz realizuj\u0105cobowi\u0105zki wynikaj\u0105ce z ustawy z dnia 14 czerwca 2024 r. o ochronie sygnalist\u00f3w, GrupaMi\u015aOT wskazuje drogi zg\u0142aszania nieprawid\u0142owo\u015bci dotycz\u0105ce naruszenia prawa, o kt\u00f3rychmowa w niniejszej ustawie. W jaki spos\u00f3b mo\u017cna zg\u0142osi\u0107 nieprawid\u0142owo\u015bci?Je\u015bli jeste\u015b \u015bwiadkiem nieprawid\u0142owo\u015bci, np. stanowi\u0105cej naruszenie [&hellip;]\" \/>\n<meta property=\"og:url\" content=\"https:\/\/misot.pl\/stary\/home\/nieprawidlowosci\/\" \/>\n<meta property=\"og:site_name\" content=\"Mi\u015aOT\" \/>\n<meta property=\"article:publisher\" content=\"https:\/\/www.facebook.com\/MiSOTpl\" \/>\n<meta property=\"article:modified_time\" content=\"2024-09-26T15:18:42+00:00\" \/>\n<meta name=\"twitter:card\" content=\"summary_large_image\" \/>\n<meta name=\"twitter:label1\" content=\"Szacowany czas czytania\" \/>\n\t<meta name=\"twitter:data1\" content=\"2 minuty\" \/>\n<script type=\"application\/ld+json\" class=\"yoast-schema-graph\">{\"@context\":\"https:\/\/schema.org\",\"@graph\":[{\"@type\":\"WebPage\",\"@id\":\"https:\/\/misot.pl\/stary\/home\/nieprawidlowosci\/\",\"url\":\"https:\/\/misot.pl\/stary\/home\/nieprawidlowosci\/\",\"name\":\"zg\u0142aszanie nieprawid\u0142owo\u015bci - Mi\u015aOT\",\"isPartOf\":{\"@id\":\"https:\/\/misot.pl\/stary\/#website\"},\"datePublished\":\"2024-09-26T13:03:41+00:00\",\"dateModified\":\"2024-09-26T15:18:42+00:00\",\"breadcrumb\":{\"@id\":\"https:\/\/misot.pl\/stary\/home\/nieprawidlowosci\/#breadcrumb\"},\"inLanguage\":\"pl-PL\",\"potentialAction\":[{\"@type\":\"ReadAction\",\"target\":[\"https:\/\/misot.pl\/stary\/home\/nieprawidlowosci\/\"]}]},{\"@type\":\"BreadcrumbList\",\"@id\":\"https:\/\/misot.pl\/stary\/home\/nieprawidlowosci\/#breadcrumb\",\"itemListElement\":[{\"@type\":\"ListItem\",\"position\":1,\"name\":\"Strona g\u0142\u00f3wna\",\"item\":\"https:\/\/misot.pl\/stary\/\"},{\"@type\":\"ListItem\",\"position\":2,\"name\":\"Home\",\"item\":\"https:\/\/misot.pl\/stary\/\"},{\"@type\":\"ListItem\",\"position\":3,\"name\":\"zg\u0142aszanie nieprawid\u0142owo\u015bci\"}]},{\"@type\":\"WebSite\",\"@id\":\"https:\/\/misot.pl\/stary\/#website\",\"url\":\"https:\/\/misot.pl\/stary\/\",\"name\":\"Mi\u015aOT\",\"description\":\"\u0141\u0105czymy lokalnie\",\"publisher\":{\"@id\":\"https:\/\/misot.pl\/stary\/#organization\"},\"potentialAction\":[{\"@type\":\"SearchAction\",\"target\":{\"@type\":\"EntryPoint\",\"urlTemplate\":\"https:\/\/misot.pl\/stary\/?s={search_term_string}\"},\"query-input\":{\"@type\":\"PropertyValueSpecification\",\"valueRequired\":true,\"valueName\":\"search_term_string\"}}],\"inLanguage\":\"pl-PL\"},{\"@type\":\"Organization\",\"@id\":\"https:\/\/misot.pl\/stary\/#organization\",\"name\":\"Mi\u015aOT\",\"url\":\"https:\/\/misot.pl\/stary\/\",\"logo\":{\"@type\":\"ImageObject\",\"inLanguage\":\"pl-PL\",\"@id\":\"https:\/\/misot.pl\/stary\/#\/schema\/logo\/image\/\",\"url\":\"https:\/\/misot.pl\/wp-content\/uploads\/2026\/01\/grupa-misot-tla-jasne.png\",\"contentUrl\":\"https:\/\/misot.pl\/wp-content\/uploads\/2026\/01\/grupa-misot-tla-jasne.png\",\"width\":1320,\"height\":743,\"caption\":\"Mi\u015aOT\"},\"image\":{\"@id\":\"https:\/\/misot.pl\/stary\/#\/schema\/logo\/image\/\"},\"sameAs\":[\"https:\/\/www.facebook.com\/MiSOTpl\",\"https:\/\/www.youtube.com\/channel\/UCCjxl2ju4z8-aQLY4cErc0w\",\"https:\/\/www.linkedin.com\/company\/grupa-miot\/\"]}]}<\/script>\n<!-- \/ Yoast SEO plugin. -->","yoast_head_json":{"title":"zg\u0142aszanie nieprawid\u0142owo\u015bci - Mi\u015aOT","robots":{"index":"index","follow":"follow","max-snippet":"max-snippet:-1","max-image-preview":"max-image-preview:large","max-video-preview":"max-video-preview:-1"},"canonical":"https:\/\/misot.pl\/stary\/home\/nieprawidlowosci\/","og_locale":"pl_PL","og_type":"article","og_title":"zg\u0142aszanie nieprawid\u0142owo\u015bci - Mi\u015aOT","og_description":"Sygna\u0142y o nieprawid\u0142owo\u015bciach W trosce o jako\u015b\u0107 pracy, jak i o przestrzeganie zasad prawnych i etycznych oraz realizuj\u0105cobowi\u0105zki wynikaj\u0105ce z ustawy z dnia 14 czerwca 2024 r. o ochronie sygnalist\u00f3w, GrupaMi\u015aOT wskazuje drogi zg\u0142aszania nieprawid\u0142owo\u015bci dotycz\u0105ce naruszenia prawa, o kt\u00f3rychmowa w niniejszej ustawie. W jaki spos\u00f3b mo\u017cna zg\u0142osi\u0107 nieprawid\u0142owo\u015bci?Je\u015bli jeste\u015b \u015bwiadkiem nieprawid\u0142owo\u015bci, np. stanowi\u0105cej naruszenie [&hellip;]","og_url":"https:\/\/misot.pl\/stary\/home\/nieprawidlowosci\/","og_site_name":"Mi\u015aOT","article_publisher":"https:\/\/www.facebook.com\/MiSOTpl","article_modified_time":"2024-09-26T15:18:42+00:00","twitter_card":"summary_large_image","twitter_misc":{"Szacowany czas czytania":"2 minuty"},"schema":{"@context":"https:\/\/schema.org","@graph":[{"@type":"WebPage","@id":"https:\/\/misot.pl\/stary\/home\/nieprawidlowosci\/","url":"https:\/\/misot.pl\/stary\/home\/nieprawidlowosci\/","name":"zg\u0142aszanie nieprawid\u0142owo\u015bci - Mi\u015aOT","isPartOf":{"@id":"https:\/\/misot.pl\/stary\/#website"},"datePublished":"2024-09-26T13:03:41+00:00","dateModified":"2024-09-26T15:18:42+00:00","breadcrumb":{"@id":"https:\/\/misot.pl\/stary\/home\/nieprawidlowosci\/#breadcrumb"},"inLanguage":"pl-PL","potentialAction":[{"@type":"ReadAction","target":["https:\/\/misot.pl\/stary\/home\/nieprawidlowosci\/"]}]},{"@type":"BreadcrumbList","@id":"https:\/\/misot.pl\/stary\/home\/nieprawidlowosci\/#breadcrumb","itemListElement":[{"@type":"ListItem","position":1,"name":"Strona g\u0142\u00f3wna","item":"https:\/\/misot.pl\/stary\/"},{"@type":"ListItem","position":2,"name":"Home","item":"https:\/\/misot.pl\/stary\/"},{"@type":"ListItem","position":3,"name":"zg\u0142aszanie nieprawid\u0142owo\u015bci"}]},{"@type":"WebSite","@id":"https:\/\/misot.pl\/stary\/#website","url":"https:\/\/misot.pl\/stary\/","name":"Mi\u015aOT","description":"\u0141\u0105czymy lokalnie","publisher":{"@id":"https:\/\/misot.pl\/stary\/#organization"},"potentialAction":[{"@type":"SearchAction","target":{"@type":"EntryPoint","urlTemplate":"https:\/\/misot.pl\/stary\/?s={search_term_string}"},"query-input":{"@type":"PropertyValueSpecification","valueRequired":true,"valueName":"search_term_string"}}],"inLanguage":"pl-PL"},{"@type":"Organization","@id":"https:\/\/misot.pl\/stary\/#organization","name":"Mi\u015aOT","url":"https:\/\/misot.pl\/stary\/","logo":{"@type":"ImageObject","inLanguage":"pl-PL","@id":"https:\/\/misot.pl\/stary\/#\/schema\/logo\/image\/","url":"https:\/\/misot.pl\/wp-content\/uploads\/2026\/01\/grupa-misot-tla-jasne.png","contentUrl":"https:\/\/misot.pl\/wp-content\/uploads\/2026\/01\/grupa-misot-tla-jasne.png","width":1320,"height":743,"caption":"Mi\u015aOT"},"image":{"@id":"https:\/\/misot.pl\/stary\/#\/schema\/logo\/image\/"},"sameAs":["https:\/\/www.facebook.com\/MiSOTpl","https:\/\/www.youtube.com\/channel\/UCCjxl2ju4z8-aQLY4cErc0w","https:\/\/www.linkedin.com\/company\/grupa-miot\/"]}]}},"_links":{"self":[{"href":"https:\/\/misot.pl\/stary\/wp-json\/wp\/v2\/pages\/31246","targetHints":{"allow":["GET"]}}],"collection":[{"href":"https:\/\/misot.pl\/stary\/wp-json\/wp\/v2\/pages"}],"about":[{"href":"https:\/\/misot.pl\/stary\/wp-json\/wp\/v2\/types\/page"}],"author":[{"embeddable":true,"href":"https:\/\/misot.pl\/stary\/wp-json\/wp\/v2\/users\/1"}],"replies":[{"embeddable":true,"href":"https:\/\/misot.pl\/stary\/wp-json\/wp\/v2\/comments?post=31246"}],"version-history":[{"count":10,"href":"https:\/\/misot.pl\/stary\/wp-json\/wp\/v2\/pages\/31246\/revisions"}],"predecessor-version":[{"id":31266,"href":"https:\/\/misot.pl\/stary\/wp-json\/wp\/v2\/pages\/31246\/revisions\/31266"}],"up":[{"embeddable":true,"href":"https:\/\/misot.pl\/stary\/wp-json\/wp\/v2\/pages\/12"}],"wp:attachment":[{"href":"https:\/\/misot.pl\/stary\/wp-json\/wp\/v2\/media?parent=31246"}],"curies":[{"name":"wp","href":"https:\/\/api.w.org\/{rel}","templated":true}]}}